{"id":355033,"date":"2024-09-16T15:50:11","date_gmt":"2024-09-16T13:50:11","guid":{"rendered":"https:\/\/weedy.fr\/blog\/?page_id=355033"},"modified":"2024-09-16T15:50:12","modified_gmt":"2024-09-16T13:50:12","slug":"nuestros-autores-editores-y-expertos-en-cbd","status":"publish","type":"page","link":"https:\/\/weedy.fr\/blog\/es\/nuestros-autores-editores-y-expertos-en-cbd\/","title":{"rendered":"Nuestros autores, editores y expertos en CBD"},"content":{"rendered":"\t\t<div data-elementor-type=\"wp-page\" data-elementor-id=\"355033\" class=\"elementor elementor-355033\" data-elementor-post-type=\"page\">\n\t\t\t\t\t\t<section class=\"elementor-section elementor-top-section elementor-element elementor-element-40b46a4 elementor-section-boxed elementor-section-height-default elementor-section-height-default\" data-id=\"40b46a4\" data-element_type=\"section\">\n\t\t\t\t\t\t<div class=\"elementor-container elementor-column-gap-default\">\n\t\t\t\t\t<div class=\"elementor-column elementor-col-100 elementor-top-column elementor-element elementor-element-c9efe80\" data-id=\"c9efe80\" data-element_type=\"column\">\n\t\t\t<div class=\"elementor-widget-wrap elementor-element-populated\">\n\t\t\t\t\t\t<div class=\"elementor-element elementor-element-02e4379 elementor-widget-divider--view-line_text elementor-widget-divider--element-align-center elementor-widget elementor-widget-divider\" data-id=\"02e4379\" data-element_type=\"widget\" data-widget_type=\"divider.default\">\n\t\t\t\t<div class=\"elementor-widget-container\">\n\t\t\t\t\t\t\t<div class=\"elementor-divider\">\n\t\t\t<span class=\"elementor-divider-separator\">\n\t\t\t\t\t\t\t<h1 class=\"elementor-divider__text elementor-divider__element\">\n\t\t\t\tnos auteurs et experts en cbd\t\t\t\t<\/h1>\n\t\t\t\t\t\t<\/span>\n\t\t<\/div>\n\t\t\t\t\t\t<\/div>\n\t\t\t\t<\/div>\n\t\t\t\t\t<\/div>\n\t\t<\/div>\n\t\t\t\t\t<\/div>\n\t\t<\/section>\n\t\t\t\t<section class=\"elementor-section elementor-top-section elementor-element elementor-element-3d6645d elementor-section-boxed elementor-section-height-default elementor-section-height-default\" data-id=\"3d6645d\" data-element_type=\"section\">\n\t\t\t\t\t\t<div class=\"elementor-container elementor-column-gap-default\">\n\t\t\t\t\t<div class=\"elementor-column elementor-col-100 elementor-top-column elementor-element elementor-element-f68133e\" data-id=\"f68133e\" data-element_type=\"column\">\n\t\t\t<div class=\"elementor-widget-wrap elementor-element-populated\">\n\t\t\t\t\t\t<div class=\"elementor-element elementor-element-914ca4b elementor-author-box--layout-image-left elementor-author-box--image-valign-top elementor-widget elementor-widget-author-box\" data-id=\"914ca4b\" data-element_type=\"widget\" data-widget_type=\"author-box.default\">\n\t\t\t\t<div class=\"elementor-widget-container\">\n\t\t\t\t\t\t\t<div class=\"elementor-author-box\">\n\t\t\t\t\t\t\t<div  class=\"elementor-author-box__avatar\">\n\t\t\t\t\t<img decoding=\"async\" src=\"https:\/\/weedy.fr\/blog\/wp-content\/uploads\/2023\/07\/cordosboub_man_writer_with_his_pen_growing_cannabis_pixar_style_f0727450-5cd9-49db-945a-fc3fe75a824f-300x300.png\" alt=\"Image de julien\" loading=\"lazy\">\n\t\t\t\t<\/div>\n\t\t\t\n\t\t\t<div class=\"elementor-author-box__text\">\n\t\t\t\t\t\t\t\t\t<div >\n\t\t\t\t\t\t<h2 class=\"elementor-author-box__name\">\n\t\t\t\t\t\t\tjulien\t\t\t\t\t\t<\/h2>\n\t\t\t\t\t<\/div>\n\t\t\t\t\n\t\t\t\t\t\t\t\t\t<div class=\"elementor-author-box__bio\">\n\t\t\t\t\t\t<p><b>R\u00e9dacteur en chef sp\u00e9cialis\u00e9 en CBD<\/b><\/p>\n<p>Julien, n\u00e9 le 17 juillet 1978 en r\u00e9gion Parisienne, est un \u00e9minent r\u00e9dacteur et expert dans le domaine des produits \u00e0 base de CBD. Suite \u00e0 ses \u00e9tudes en biologie et en m\u00e9decine alternative, Julien a d\u00e9velopp\u00e9 une passion pour les rem\u00e8des naturels, dont le CBD. En 2022, il int\u00e8gre l\u2019\u00e9quipe du site CBD.fr en qualit\u00e9 d\u2019expert et de contributeur r\u00e9gulier. Gr\u00e2ce \u00e0 son expertise scientifique et une \u00e9criture claire, Julien aide \u00e0 d\u00e9mystifier les aspects complexes du CBD, tout en mettant en lumi\u00e8re ses bienfaits et applications potentielles \u00e0 travers ses articles et participations \u00e0 des conf\u00e9rences.<\/p>\n\t\t\t\t\t<\/div>\n\t\t\t\t\n\t\t\t\t\t\t\t\t\t<a class=\"elementor-author-box__button elementor-button elementor-size-xs\" href=\"https:\/\/weedy.fr\/blog\/author\/arthur\/\">\n\t\t\t\t\t\tVoir tous ses articles\t\t\t\t\t<\/a>\n\t\t\t\t\t\t\t<\/div>\n\t\t<\/div>\n\t\t\t\t\t\t<\/div>\n\t\t\t\t<\/div>\n\t\t\t\t\t<\/div>\n\t\t<\/div>\n\t\t\t\t\t<\/div>\n\t\t<\/section>\n\t\t\t\t<section class=\"elementor-section elementor-top-section elementor-element elementor-element-9d1f18f elementor-section-boxed elementor-section-height-default elementor-section-height-default\" data-id=\"9d1f18f\" data-element_type=\"section\">\n\t\t\t\t\t\t<div class=\"elementor-container elementor-column-gap-default\">\n\t\t\t\t\t<div class=\"elementor-column elementor-col-100 elementor-top-column elementor-element elementor-element-a49cbf4\" data-id=\"a49cbf4\" data-element_type=\"column\">\n\t\t\t<div class=\"elementor-widget-wrap elementor-element-populated\">\n\t\t\t\t\t\t<div class=\"elementor-element elementor-element-30a0561 elementor-author-box--layout-image-left elementor-author-box--image-valign-top elementor-widget elementor-widget-author-box\" data-id=\"30a0561\" data-element_type=\"widget\" data-widget_type=\"author-box.default\">\n\t\t\t\t<div class=\"elementor-widget-container\">\n\t\t\t\t\t\t\t<div class=\"elementor-author-box\">\n\t\t\t\t\t\t\t<div  class=\"elementor-author-box__avatar\">\n\t\t\t\t\t<img decoding=\"async\" src=\"https:\/\/weedy.fr\/blog\/wp-content\/uploads\/2023\/07\/Cordosboub_man_with_dreadlocks_growing_cannabis_in_spain_pixar__3fd56d04-0dbb-4315-a8b6-093b2f491425-300x300.webp\" alt=\"Image de kico\" loading=\"lazy\">\n\t\t\t\t<\/div>\n\t\t\t\n\t\t\t<div class=\"elementor-author-box__text\">\n\t\t\t\t\t\t\t\t\t<div >\n\t\t\t\t\t\t<h2 class=\"elementor-author-box__name\">\n\t\t\t\t\t\t\tkico\t\t\t\t\t\t<\/h2>\n\t\t\t\t\t<\/div>\n\t\t\t\t\n\t\t\t\t\t\t\t\t\t<div class=\"elementor-author-box__bio\">\n\t\t\t\t\t\t<p><b>R\u00e9dacteur de blog sp\u00e9cialis\u00e9 en CBD<\/b><\/p>\n<p>Kico, n\u00e9 le 21 octobre 1987 en Espagne, est un r\u00e9dacteur de blog renomm\u00e9, sp\u00e9cialis\u00e9 dans les produits \u00e0 base de CBD. Apr\u00e8s des \u00e9tudes en art et graphisme, Kico a d\u00e9velopp\u00e9 un int\u00e9r\u00eat marqu\u00e9 pour le bien-\u00eatre naturel et les produits d\u00e9riv\u00e9s du cannabis. En 2022, il rejoint l'\u00e9quipe du site CBD.fr en tant qu\u2019expert et r\u00e9dacteur. Avec une plume aff\u00fbt\u00e9e et des connaissances approfondies, Kico informe et \u00e9duque le public sur les avantages et les applications du CBD \u00e0 travers ses articles.<\/p>\n\t\t\t\t\t<\/div>\n\t\t\t\t\n\t\t\t\t\t\t\t\t\t<a class=\"elementor-author-box__button elementor-button elementor-size-xs\" href=\"https:\/\/weedy.fr\/blog\/author\/arthur\/\">\n\t\t\t\t\t\tVoir tous ses articles\t\t\t\t\t<\/a>\n\t\t\t\t\t\t\t<\/div>\n\t\t<\/div>\n\t\t\t\t\t\t<\/div>\n\t\t\t\t<\/div>\n\t\t\t\t\t<\/div>\n\t\t<\/div>\n\t\t\t\t\t<\/div>\n\t\t<\/section>\n\t\t\t\t<\/div>\n\t\t","protected":false},"excerpt":{"rendered":"<p>nuestros autores y expertos en CBD<\/p>\n","protected":false},"author":97,"featured_media":0,"parent":0,"menu_order":0,"comment_status":"closed","ping_status":"closed","template":"","meta":{"_sitemap_exclude":false,"_sitemap_priority":"","_sitemap_frequency":"","footnotes":""},"class_list":["post-355033","page","type-page","status-publish","hentry"],"yoast_head":"<!-- This site is optimized with the Yoast SEO Premium plugin v26.9 (Yoast SEO v26.9) - https:\/\/yoast.com\/product\/yoast-seo-premium-wordpress\/ -->\n<title>Nuestros autores, editores y expertos en CBD - Actualit\u00e9s CBD Blog - Weedy.fr<\/title>\n<meta name=\"description\" content=\"D\u00e9cubrir a nuestros autores r\u00e9de actores miembros de la&#039;\u00e9equipo maleza.fr que te trae el m\u00e1ximo&#039;informaci\u00f3n sobre el CDB\" \/>\n<meta name=\"robots\" content=\"index, follow, max-snippet:-1, max-image-preview:large, max-video-preview:-1\" \/>\n<link rel=\"canonical\" href=\"https:\/\/weedy.fr\/blog\/es\/nuestros-autores-editores-y-expertos-en-cbd\/\" \/>\n<meta property=\"og:locale\" content=\"fr_FR\" \/>\n<meta property=\"og:type\" content=\"article\" \/>\n<meta property=\"og:title\" content=\"Nuestros autores, editores y expertos en CBD\" \/>\n<meta property=\"og:description\" content=\"D\u00e9cubrir a nuestros autores r\u00e9de actores miembros de la&#039;\u00e9equipo maleza.fr que te trae el m\u00e1ximo&#039;informaci\u00f3n sobre el CDB\" \/>\n<meta property=\"og:url\" content=\"https:\/\/weedy.fr\/blog\/es\/nuestros-autores-editores-y-expertos-en-cbd\/\" \/>\n<meta property=\"og:site_name\" content=\"Actualit\u00e9s CBD Blog - Weedy.fr\" \/>\n<meta property=\"article:publisher\" content=\"https:\/\/www.facebook.com\/weedysocial\" \/>\n<meta property=\"article:modified_time\" content=\"2024-09-16T13:50:12+00:00\" \/>\n<meta property=\"og:image\" content=\"https:\/\/weedy.fr\/blog\/wp-content\/uploads\/2024\/05\/logo-carre.jpg\" \/>\n\t<meta property=\"og:image:width\" content=\"582\" \/>\n\t<meta property=\"og:image:height\" content=\"582\" \/>\n\t<meta property=\"og:image:type\" content=\"image\/jpeg\" \/>\n<meta name=\"twitter:card\" content=\"summary_large_image\" \/>\n<script type=\"application\/ld+json\" class=\"yoast-schema-graph\">{\"@context\":\"https:\/\/schema.org\",\"@graph\":[{\"@type\":\"WebPage\",\"@id\":\"https:\/\/weedy.fr\/blog\/es\/nuestros-autores-editores-y-expertos-en-cbd\/\",\"url\":\"https:\/\/weedy.fr\/blog\/es\/nuestros-autores-editores-y-expertos-en-cbd\/\",\"name\":\"Nuestros autores, editores y expertos en CBD - Actualit\u00e9s CBD Blog - Weedy.fr\",\"isPartOf\":{\"@id\":\"https:\/\/weedy.fr\/blog\/#website\"},\"datePublished\":\"2024-09-16T13:50:11+00:00\",\"dateModified\":\"2024-09-16T13:50:12+00:00\",\"description\":\"D\u00e9cubrir a nuestros autores r\u00e9de actores miembros de la'\u00e9equipo maleza.fr que te trae el m\u00e1ximo'informaci\u00f3n sobre el CDB\",\"breadcrumb\":{\"@id\":\"https:\/\/weedy.fr\/blog\/es\/nuestros-autores-editores-y-expertos-en-cbd\/#breadcrumb\"},\"inLanguage\":\"fr-FR\",\"potentialAction\":[{\"@type\":\"ReadAction\",\"target\":[\"https:\/\/weedy.fr\/blog\/es\/nuestros-autores-editores-y-expertos-en-cbd\/\"]}]},{\"@type\":\"BreadcrumbList\",\"@id\":\"https:\/\/weedy.fr\/blog\/es\/nuestros-autores-editores-y-expertos-en-cbd\/#breadcrumb\",\"itemListElement\":[{\"@type\":\"ListItem\",\"position\":1,\"name\":\"CBD Blog\",\"item\":\"https:\/\/weedy.fr\/blog\/\"},{\"@type\":\"ListItem\",\"position\":2,\"name\":\"Nuestros autores, editores y expertos en CBD\"}]},{\"@type\":\"WebSite\",\"@id\":\"https:\/\/weedy.fr\/blog\/#website\",\"url\":\"https:\/\/weedy.fr\/blog\/\",\"name\":\"Actualit\u00e9s CBD Blog - Weedy.fr\",\"description\":\"Le meilleur de l&#039;actualit\u00e9 du CBD et du chanvre en France\",\"publisher\":{\"@id\":\"https:\/\/weedy.fr\/blog\/#organization\"},\"alternateName\":\"Weedy.fr\",\"potentialAction\":[{\"@type\":\"SearchAction\",\"target\":{\"@type\":\"EntryPoint\",\"urlTemplate\":\"https:\/\/weedy.fr\/blog\/?s={search_term_string}\"},\"query-input\":{\"@type\":\"PropertyValueSpecification\",\"valueRequired\":true,\"valueName\":\"search_term_string\"}}],\"inLanguage\":\"fr-FR\"},{\"@type\":\"Organization\",\"@id\":\"https:\/\/weedy.fr\/blog\/#organization\",\"name\":\"Weedy.fr\",\"alternateName\":\"Weedy.fr\",\"url\":\"https:\/\/weedy.fr\/blog\/\",\"logo\":{\"@type\":\"ImageObject\",\"inLanguage\":\"fr-FR\",\"@id\":\"https:\/\/weedy.fr\/blog\/#\/schema\/logo\/image\/\",\"url\":\"https:\/\/weedy.fr\/blog\/wp-content\/uploads\/2024\/05\/logo-carre.jpg\",\"contentUrl\":\"https:\/\/weedy.fr\/blog\/wp-content\/uploads\/2024\/05\/logo-carre.jpg\",\"width\":582,\"height\":582,\"caption\":\"Weedy.fr\"},\"image\":{\"@id\":\"https:\/\/weedy.fr\/blog\/#\/schema\/logo\/image\/\"},\"sameAs\":[\"https:\/\/www.facebook.com\/weedysocial\",\"https:\/\/www.instagram.com\/weedyfrance\/\"],\"description\":\"Leader en france sur la vente de produits \u00e0 base de CBD\",\"email\":\"support@weedy.fr\",\"telephone\":\"0187651030\",\"legalName\":\"Weedy.fr\"}]}<\/script>\n<!-- \/ Yoast SEO Premium plugin. -->","yoast_head_json":{"title":"Nuestros autores, editores y expertos en CBD - Actualit\u00e9s CBD Blog - Weedy.fr","description":"D\u00e9cubrir a nuestros autores r\u00e9de actores miembros de la'\u00e9equipo maleza.fr que te trae el m\u00e1ximo'informaci\u00f3n sobre el CDB","robots":{"index":"index","follow":"follow","max-snippet":"max-snippet:-1","max-image-preview":"max-image-preview:large","max-video-preview":"max-video-preview:-1"},"canonical":"https:\/\/weedy.fr\/blog\/es\/nuestros-autores-editores-y-expertos-en-cbd\/","og_locale":"fr_FR","og_type":"article","og_title":"Nuestros autores, editores y expertos en CBD","og_description":"D\u00e9cubrir a nuestros autores r\u00e9de actores miembros de la'\u00e9equipo maleza.fr que te trae el m\u00e1ximo'informaci\u00f3n sobre el CDB","og_url":"https:\/\/weedy.fr\/blog\/es\/nuestros-autores-editores-y-expertos-en-cbd\/","og_site_name":"Actualit\u00e9s CBD Blog - Weedy.fr","article_publisher":"https:\/\/www.facebook.com\/weedysocial","article_modified_time":"2024-09-16T13:50:12+00:00","og_image":[{"width":582,"height":582,"url":"https:\/\/weedy.fr\/blog\/wp-content\/uploads\/2024\/05\/logo-carre.jpg","type":"image\/jpeg"}],"twitter_card":"summary_large_image","schema":{"@context":"https:\/\/schema.org","@graph":[{"@type":"WebPage","@id":"https:\/\/weedy.fr\/blog\/es\/nuestros-autores-editores-y-expertos-en-cbd\/","url":"https:\/\/weedy.fr\/blog\/es\/nuestros-autores-editores-y-expertos-en-cbd\/","name":"Nuestros autores, editores y expertos en CBD - Actualit\u00e9s CBD Blog - Weedy.fr","isPartOf":{"@id":"https:\/\/weedy.fr\/blog\/#website"},"datePublished":"2024-09-16T13:50:11+00:00","dateModified":"2024-09-16T13:50:12+00:00","description":"D\u00e9cubrir a nuestros autores r\u00e9de actores miembros de la'\u00e9equipo maleza.fr que te trae el m\u00e1ximo'informaci\u00f3n sobre el CDB","breadcrumb":{"@id":"https:\/\/weedy.fr\/blog\/es\/nuestros-autores-editores-y-expertos-en-cbd\/#breadcrumb"},"inLanguage":"fr-FR","potentialAction":[{"@type":"ReadAction","target":["https:\/\/weedy.fr\/blog\/es\/nuestros-autores-editores-y-expertos-en-cbd\/"]}]},{"@type":"BreadcrumbList","@id":"https:\/\/weedy.fr\/blog\/es\/nuestros-autores-editores-y-expertos-en-cbd\/#breadcrumb","itemListElement":[{"@type":"ListItem","position":1,"name":"CBD Blog","item":"https:\/\/weedy.fr\/blog\/"},{"@type":"ListItem","position":2,"name":"Nuestros autores, editores y expertos en CBD"}]},{"@type":"WebSite","@id":"https:\/\/weedy.fr\/blog\/#website","url":"https:\/\/weedy.fr\/blog\/","name":"Actualit\u00e9s CBD Blog - Weedy.fr","description":"Le meilleur de l&#039;actualit\u00e9 du CBD et du chanvre en France","publisher":{"@id":"https:\/\/weedy.fr\/blog\/#organization"},"alternateName":"Weedy.fr","potentialAction":[{"@type":"SearchAction","target":{"@type":"EntryPoint","urlTemplate":"https:\/\/weedy.fr\/blog\/?s={search_term_string}"},"query-input":{"@type":"PropertyValueSpecification","valueRequired":true,"valueName":"search_term_string"}}],"inLanguage":"fr-FR"},{"@type":"Organization","@id":"https:\/\/weedy.fr\/blog\/#organization","name":"Weedy.fr","alternateName":"Weedy.fr","url":"https:\/\/weedy.fr\/blog\/","logo":{"@type":"ImageObject","inLanguage":"fr-FR","@id":"https:\/\/weedy.fr\/blog\/#\/schema\/logo\/image\/","url":"https:\/\/weedy.fr\/blog\/wp-content\/uploads\/2024\/05\/logo-carre.jpg","contentUrl":"https:\/\/weedy.fr\/blog\/wp-content\/uploads\/2024\/05\/logo-carre.jpg","width":582,"height":582,"caption":"Weedy.fr"},"image":{"@id":"https:\/\/weedy.fr\/blog\/#\/schema\/logo\/image\/"},"sameAs":["https:\/\/www.facebook.com\/weedysocial","https:\/\/www.instagram.com\/weedyfrance\/"],"description":"Leader en france sur la vente de produits \u00e0 base de CBD","email":"support@weedy.fr","telephone":"0187651030","legalName":"Weedy.fr"}]}},"_links":{"self":[{"href":"https:\/\/weedy.fr\/blog\/wp-json\/wp\/v2\/pages\/355033","targetHints":{"allow":["GET"]}}],"collection":[{"href":"https:\/\/weedy.fr\/blog\/wp-json\/wp\/v2\/pages"}],"about":[{"href":"https:\/\/weedy.fr\/blog\/wp-json\/wp\/v2\/types\/page"}],"author":[{"embeddable":true,"href":"https:\/\/weedy.fr\/blog\/wp-json\/wp\/v2\/users\/97"}],"replies":[{"embeddable":true,"href":"https:\/\/weedy.fr\/blog\/wp-json\/wp\/v2\/comments?post=355033"}],"version-history":[{"count":1,"href":"https:\/\/weedy.fr\/blog\/wp-json\/wp\/v2\/pages\/355033\/revisions"}],"predecessor-version":[{"id":355038,"href":"https:\/\/weedy.fr\/blog\/wp-json\/wp\/v2\/pages\/355033\/revisions\/355038"}],"wp:attachment":[{"href":"https:\/\/weedy.fr\/blog\/wp-json\/wp\/v2\/media?parent=355033"}],"curies":[{"name":"wp","href":"https:\/\/api.w.org\/{rel}","templated":true}]}}